is -2 + 1 + (-3 - (-3 - 1))?
0
Calculate 5 + (2 - 9) + 4.
2
Calculate (37 - 38) + (3 - (1 + 1)).
0
What is 2 + -5 - (-3 + 0)?
0
What is -1 - -4 - (-11 - -17) - 1?
-4
What is -1 - -6 - (7 + -6)?
4
Evaluate 3 + 3 + (-5 - 1).
0
4 - (1 - 4 - (-1 + -1))
5
Evaluate (0 - (4 - 8)) + -1 - -2.
5
What is 5 - (5 - (-9 + 10))?
1
Evaluate 4 + (-4 - -4) + -5.
-1
What is the value of 8 + (-2 - 3) + 2 - -3?
8
Evaluate 3 + -6 + -4 + 4 - -3.
0
Calculate 2 - (1 + (-5 - (0 + -2))).
4
Calculate 4 + 5 + (-4 - 11).
-6
Evaluate (-4 - (-5 - -5)) + 8.
4
What is -3 + (-4 - -5) + 5 + -4?
-1
Calculate (-13 - -6) + -1 + 2 + 2.
-4
What is the value of 9 - ((4 - 7) + 7 - -2)?
3
Calculate -4 + 2 + 10 + -10.
-2
4 - 2 - 4 - (61 + -60)
-3
Evaluate -3 + (-4 - -2) + 4.
-1
What is -1 + 2 - 2 - -7?
6
Evaluate (-2 - -14) + -19 + 13.
6
Evaluate -1 - -6 - 5 - -3.
3
Evaluate 8 - (4 + 6) - 2.
-4
Evaluate (-3 - -1) + 26 + -27.
-3
7 - 3 - (2 + -5 - -5)
2
What is 3 - 1 - (7 + (-8 - -6))?
-3
What is (10 - 9) + (-2 - (0 + 1))?
-2
What is (4 + 9 - 20) + 11?
4
What is -3 + (14 - (9 + -7))?
9
What is 2 - (-4 - -2 - -10 - 3)?
-3
Evaluate -1 - (-3 - -13 - 8).
-3
Calculate -5 + 2 + 4 + -4.
-3
What is the value of 6 + (-2 - (-6 + 5))?
5
What is -1 + 8 + -20 + 16?
3
What is (-2 - (-1 - 1)) + 1?
1
What is the value of (-5 - 1) + (-1 + 4 - 1)?
-4
What is -1 - (-5 - -6 - 4)?
2
Calculate -11 - -9 - (6 - 3).
-5
(2 - (-3 + 6 + -2)) + -5
-4
Calculate 7 - 0 - (78 - 69) - -11.
9
Evaluate 55 - 60 - (-3 - -1).
-3
Evaluate -4 + (7 + -9 - -9).
3
What is (1 - -1) + 1 + -2 - -4?
5
Calculate (-1 - ((4 - 4) + -5)) + 4.
8
What is -4 - ((0 - 2) + (2 - 1))?
-3
What is the value of 2 + -3 + (-1 - 3)?
-5
Calculate (33 - 31) + (-3 - 0).
-1
What is the value of (-4 - -3 - -1) + 2?
2
Calculate 5 - (-1 - (0 + -5 + 1)).
2
What is -4 + (-1 - (1 + -4))?
-2
What is 4 + (-1 - 3) + 8 - 5?
3
Calculate -14 + 2 + (6 - -5).
-1
Calculate 0 + -8 - (-9 - -3).
-2
Evaluate -33 + 35 + (5 + -1 - 1).
5
What is the value of 2 + -4 + (9 - 6) + -8?
-7
Evaluate 7 + (2 - (0 - -8) - 5).
-4
What is (-1 - -17) + (-99 - -90)?
7
What is -3 - (4 + -1 + -8 + -1)?
3
What is -12 + 7 - 4 - -13?
4
Calculate -2 + 0 + (8 - 7).
-1
Evaluate (-14 - (-6 + 2)) + 4 - -4.
-2
Evaluate (1 - 1) + 0 + -2.
-2
Evaluate 3 + 0 - (4 + -2).
1
What is 1 - (10 + 3 + -16)?
4
What is -3 - 1 - (-3 + -6 - 0)?
5
What is the value of 7 - (-2 - (-2 - 12))?
-5
(2 - 1) + (11 - 21) + 10
1
3 - (-4 + 9 + (-1 - 1))
0
What is (2 - 0) + (-2 + 7 - 5)?
2
What is -2 - (8 + -3 - (17 - 3))?
7
Calculate -2 + 7 + (-14 - (-8 + 1)).
-2
1 - (2 + -2) - (-2 - 0)
3
What is 6 + (-2 - (1 + -6)) + -7?
2
What is the value of 2 - ((7 - 6) + (3 - -1))?
-3
-6 + 10 + (4 - 4)
4
What is -8 - ((-70 - -63) + -1 + 2)?
-2
3 - (-1 + 12) - -5
-3
What is -10 + 1 + (32 - 27)?
-4
What is the value of 9 - (0 - (-17 - -8))?
0
What is -3 + (8 - 1) - (3 + -3)?
4
Calculate -9 - (19 + -26 + (3 - 0)).
-5
Calculate (0 - -12 - 22) + 14.
4
Calculate 1 + -3 + (11 - 9).
0
Evaluate -18 - -6 - (-1 + 2 + -5).
-8
What is the value of -3 - (4 + 5 + -10) - 4?
-6
Calculate 5 + (-1 + 4 + 0 - 5).
3
What is 5 + (0 - 2) + -7?
-4
What is 6 - 1 - (-1 - -9)?
-3
Evaluate 5 - (13 + -15 - -13).
-6
What is 1 - 3 - (2 - (0 + 1))?
-3
Evaluate (5 - (9 + -7)) + -8.
-5
Evaluate -5 + (9 - (0 + 5)).
-1
What is the value of -6 + 1 + (-4 - -8) + -3?
-4
What is the value of 1 + 2 - (3 + 2)?
-2
Evaluate (7 - 3) + 2 + (9 - 9).
6
Calculate 1 - (5 + (-2 - 1)) - -6.
5
(0 - 9) + 16 + 0 + -4
3
Evaluate (-4 + 4 - -2) + 1 - 5.
-2
What is the value of -6 - -2 - -8 - (-15 - -13)?
6
What is the value of 15 + -25 + 7 + (-1 - -4)?
0
What is the value of -5 + (2 + -10 - (-10 - 3))?
0
What is the value of -10 + (-1 - -8 - 1)?
-4
What is the value of 2 + (5 - 3) + (1 - 2)?
3
Evaluate -6 - (-6 + 6 + 2).
-8
Evaluate -4 - -5 - (6 - 10 - -4).
1
What is the value of (-2 - -1) + (1 - 4) - 0?
-4
Calculate 3 + ((-2 - -6) + -11 - 0).
-4
What is -4 - ((-3 - -8) + -8)?
-1
What is 0 + -3 - -8 - (0 - -5)?
0
What is the value of -9 + (-19 - -9 - -11)?
-8
What is -9 - ((-8 - -7) + -4)?
-4
7 - ((13 - 9) + 9)
-6
Calculate -15 + (-7 - 7 - -22).
-7
What is 2 - (-1 - 3) - (-7 + 3)?
10
Calculate 4 - ((3 - 3) + -4 - -8).
0
What is (3 - -4 - 2) + -1?
4
-13 + 16 + -5 + (-3 - 0)
-5
-5 + -1 + 1 + -2 + 2
-5
0 - (-3 + -3 + 12 + -5)
-1
What is the value of 3 + 0 - 14 - -6?
-5
What is the value of (-22 - -26 - (2 + 0)) + -6?
-4
What is 2 + -2 - (-19 + 15)?
4
Calculate (6 - -12) + -5 + -7 + 1.
7
Calculate -3 + (15 - (-2 - -8)).
6
Calculate (-6 + 1 + 6 - 5) + 2.
-2
Calculate -9 - (-3 + 2) - (21 + -27).
-2
6 - -4 - (30 - 26)
6
(0 - (5 - -1)) + 1
-5
What is the value of -8 - (-4 - -4) - (2 - 8)?
-2
Evaluate -5 + (-5 - -3 - -3).
-4
What is the value of -6 + (-1 - -1 - 1 - -2)?
-5
What is -4 + 1 + 1 - (8 - 9)?
-1
(23 + -15 - 4) + 0 + -2
2
Calculate -1 + (5 - -2) + (-1 - -3).
8
Calculate -9 + -7 + (4 - -22).
10
What is -9 + -5 + 2 + 6?
-6
Calculate 5 - (5 + (-13 - -6)).
7
Calculate (-5 - -3 - 3) + 3 - -1.
-1
Calculate -1 - (1 + 3 - -2 - 8).
1
Evaluate -2 - -4 - 4 - (-3 + 4).
-3
(5 - 2) + (5 - 3) + 0
5
Evaluate 2 + (-8 - 6 - -6).
-6
What is the value of -7 + 2 + 0 + 2?
-3
What is 4 + -3 + 2 - 1?
2
What is the value of (-34 - -25) + -2 + 5?
-6
Evaluate 3 - (1 - (3 - (-2 + 2))).
5
What is the value of 11 + -9 + (-2 - 1) + -5?
-6
-21 + 20 + (-2 - -2)
-1
Evaluate -2 + 1 + (0 + 4 - 0).
3
What is the value of 0 - (0 + 4) - (-3 - -3)?
-4
What is the value of (6 + -6 - 6) + 2?
-4
5 - (6 + (4 - 7)) - -4
6
What is the value of 1 - 5 - (9 + -9 + -5)?
1
-7 + 12 + 0 + -2
3
What is the value of -7 + (-4 - -20) - 15?
-6
Calculate 0 + 0 + -2 - (-20 + 23).
-5
Calculate (7 - 7) + -3 - -3 - -6.
6
4 - 13 - (-2 - (5 + -3))
-5
1 - (-4 + 7 + 1)
-3
What is 18 + -13 - (5 + 1)?
-1
Evaluate -13 + 12 + (3 - 2 - 6).
-6
0 + (4 - -1) - (-166 - -170)
1
What is the value of 9 - 16 - 3 - -3?
-7
Evaluate 5 + 0 + (-3 - -1).
3
Calculate -1 + 2 + 2 + (-9 - -1).
-5
Evaluate (1 - (5 - -1)) + 2.
-3
(7 + -3 + 1 - 3) + -3
-1
Calculate 2 + -4 + (14 - 6) + 1.
7
What is (11 - 8 - (3 + -1)) + 2?
3
Calculate 1 + 2 + 1 + -1.
3
What is the value of (1 - -3) + 0 + 0?
4
What is the value of 1 + -1 + 3 + -5 + 0?
-2
Evaluate (4 + 2 - 11) + 8.
3
What is -5 + (5 + -5 - 0)?
-5
What is -21 + 14 + (-2 - 0 - -6)?
-3
Evaluate -2 - (8 + -2 + 5 + -7).
-6
Calculate 5 - (2 + -3) - 2.
4
Evaluate (6 - (-2 - 1)) + -15.
-6
(0 - -5 - 3) + -3
-1
Calculate (-1 + 3 - (12 + -13)) + -5.
-2
Calculate (-11 - (-12 - -4)) + -6.
-9
Calculate 8 - (9 + (1 - 8)).
6
What is -6 - (3 - 11) - 18 - -6?
-10
What is (-6 + 6 - -6) + -1?
5
Evaluate -3 - (0 - -4 - (0 + 10)).
3
1 + (4 - (5 - 1))
1
-8 + 16 + -3 - 6
-1
Calculate 4 + 1 - (13 - 13).
5
Evaluate 2 - (4 + (1 - 2)).
-1
Evaluate 0 + -2 + (11 - 6).
3
What is the value of -7 - (6 - 10) - -9?
6
What is the value of (-30 - -30) + 0 + -5?
-5
Evaluate (-5 + 4 - 0) + 2.
1
Calculate -3 + -3 - 3 - (-11 - -7).
-5
What is the value of (-1 - 0) + (-56 - -50)?
-7
What is the value of -3 + 5 - 6 - -3?
-1
What is the value of -1 - 3 - (-89 + 88)?
-3
-6 - -6 - (2 - (0 + 1))
-1
What is the value of (8 - 1) + (2 - 5)?
4
What is the value of (-3 - (-7 + 3)) + (-2 - -3)?
2
Calculate (7 - -6 - 24) + 1.
-10
What is 6 + -8 - (6 - 4)?
-4
What is (-2 - -2) + -2 - 0?
-2
Calculate 0 + -3 - (-14 - -8).
3
What is the value of -2 + -3 - (-8 - (-4 + -2))?
-3
What is 1 - (-9 + 1 + 5) - 5?
-1
Evaluate 0 + 0 + 3 - (3 + -5).
5
Evaluate -1 + 0 - (-8 - -2 - -4).
1
What is the value of -6 + 8 - ((1 - 1) + 2)?
0
What is the value of 6 - (4 - (-5 - -3) - 3)?
3
Evaluate (-6 - (-20 - -14)) + (7 - 1).
6
What is -6 + (1 - (0 + -5))?
0
What is -7 - -3 - (-2 - 7)?
5
Calculate -20 + 12 + (4 - 1).
-5
Evaluate 3 - 3 - -6 - 12.
-6
What is the value of (-2 - 7 - -16) + -12?
-5
What is 0 + 0 - (-2 + 16 + -23)?
9
Evaluate -2 - (5 + -3 + -1) - -5.
2
Evaluate 6 + (-40 + 35 - (-3 + 0)).
4
What is the value of 0 + -4 - 0 - (-2 + 2)?
-4
What is the value of 12 - (-2 + 7 - (-4 + 2))?
5
(1 - 3 - (7 + -13)) + -4
0
What is the value of 1 - (1 - 4 - -2)?
2
Calculate (20 - 21) + (-4 - 2 - -3).
-4
Calculate -5 + 2 - (-4 + 2) - 3.
-4
-2 - (3 - (-3 + 9))
1
What is the value of 1 + -4 - (-3 + -5 + 5)?
0
What is the value of 3 - (8 - 6 - 5 - -13)?
-7
Calculate (3 - 3 - -13) + -8.
5
What is the value of (1 + -1 + -2 -